{"id":365,"date":"2019-04-08T09:28:49","date_gmt":"2019-04-08T09:28:49","guid":{"rendered":"http:\/\/blog.scordino.it\/?page_id=365"},"modified":"2023-06-23T16:41:32","modified_gmt":"2023-06-23T14:41:32","slug":"chi-siamo","status":"publish","type":"page","link":"https:\/\/blog.scordino.it\/?page_id=365","title":{"rendered":"Chi siamo"},"content":{"rendered":"\n<blockquote class=\"wp-block-quote is-layout-flow wp-block-quote-is-layout-flow\">\n<p><em>La ditta Scordino \u00e8 nel campo vetrario dal lontano 1954 . Nata come &#8220;Scordino Garozzo Fazio&#8221;, nel 1973 si \u00e8 trasformata in&nbsp; Scordino S.p.A. e dalla met\u00e0 degli anni 80 svolge la sua attivit\u00e0 nell&#8217;area commerciale di Misterbianco (CT), in una sede&nbsp; di 7000 mq. coperti contenenti tutte le attrezzature idonee alla lavorazione del vetro piano.Con l&#8217;esperienza maturata negli anni, la Scordino S.p.A. \u00e8 presente nel settore vetrario della Sicilia sia nel campo edilizio che in quello dell&#8217; arredamento: infatti, grazie alle moderne macchine a controllo numerico, l&#8217;azienda trasforma il vetro piano per adattarlo alle esigenze della clientela e negli ultimi anni si \u00e8 inoltre specializzata nella produzione di vetri temperati e vetri stratificati.La grande variet\u00e0 di vetri (colorati e non, personalizzati e di produzione industriale) viene proposta con competenza alla clientela abituale e a tutti quelli che si accostano al mondo del vetro con esigenza di trasparenza, sicurezza ed eleganza.<\/em><\/p>\n\n\n\n<p><\/p>\n<\/blockquote>\n\n\n\n<figure class=\"wp-block-image size-full\"><img loading=\"lazy\" decoding=\"async\" width=\"768\" height=\"576\" src=\"https:\/\/blog.scordino.it\/wp-content\/uploads\/2023\/06\/noi-768x576-1.jpg\" alt=\"\" class=\"wp-image-982\" srcset=\"https:\/\/blog.scordino.it\/wp-content\/uploads\/2023\/06\/noi-768x576-1.jpg 768w, https:\/\/blog.scordino.it\/wp-content\/uploads\/2023\/06\/noi-768x576-1-300x225.jpg 300w\" sizes=\"auto, (max-width: 767px) 89vw, (max-width: 1000px) 54vw, (max-width: 1071px) 543px, 580px\" \/><\/figure>\n","protected":false},"excerpt":{"rendered":"<p>La ditta Scordino \u00e8 nel campo vetrario dal lontano 1954 . Nata come &#8220;Scordino Garozzo Fazio&#8221;, nel 1973 si \u00e8 trasformata in&nbsp; Scordino S.p.A. e dalla met\u00e0 degli anni 80 svolge la sua attivit\u00e0 nell&#8217;area commerciale di Misterbianco (CT), in una sede&nbsp; di 7000 mq. coperti contenenti tutte le attrezzature idonee alla lavorazione del vetro &hellip; <\/p>\n<p class=\"link-more\"><a href=\"https:\/\/blog.scordino.it\/?page_id=365\" class=\"more-link\">Leggi tutto<span class=\"screen-reader-text\"> &#8220;Chi siamo&#8221;<\/span><\/a><\/p>\n","protected":false},"author":1,"featured_media":22,"parent":0,"menu_order":0,"comment_status":"closed","ping_status":"closed","template":"","meta":{"footnotes":""},"class_list":["post-365","page","type-page","status-publish","has-post-thumbnail","hentry"],"_links":{"self":[{"href":"https:\/\/blog.scordino.it\/index.php?rest_route=\/wp\/v2\/pages\/365","targetHints":{"allow":["GET"]}}],"collection":[{"href":"https:\/\/blog.scordino.it\/index.php?rest_route=\/wp\/v2\/pages"}],"about":[{"href":"https:\/\/blog.scordino.it\/index.php?rest_route=\/wp\/v2\/types\/page"}],"author":[{"embeddable":true,"href":"https:\/\/blog.scordino.it\/index.php?rest_route=\/wp\/v2\/users\/1"}],"replies":[{"embeddable":true,"href":"https:\/\/blog.scordino.it\/index.php?rest_route=%2Fwp%2Fv2%2Fcomments&post=365"}],"version-history":[{"count":2,"href":"https:\/\/blog.scordino.it\/index.php?rest_route=\/wp\/v2\/pages\/365\/revisions"}],"predecessor-version":[{"id":1969,"href":"https:\/\/blog.scordino.it\/index.php?rest_route=\/wp\/v2\/pages\/365\/revisions\/1969"}],"wp:featuredmedia":[{"embeddable":true,"href":"https:\/\/blog.scordino.it\/index.php?rest_route=\/"}],"wp:attachment":[{"href":"https:\/\/blog.scordino.it\/index.php?rest_route=%2Fwp%2Fv2%2Fmedia&parent=365"}],"curies":[{"name":"wp","href":"https:\/\/api.w.org\/{rel}","templated":true}]}}